 Let u be (-1463)/76 + (-1)/(-4). Let n be l(u). Give y(n).
-12
Let s(l) = l + 7. Let o(h) be the second derivative of -h**3/3 - 13*h**2 + 32*h. Let v be o(-10). What is s(v)?
1
Let f(x) = x**3 + 12*x**2 - 20*x - 19. Suppose 0 = -14*s - 143 - 78 + 39. What is f(s)?
72
Let f(s) = -2*s**2 + 9*s + 549. Let i be f(19). Let k(y) = 41*y + 94. Calculate k(i).
12
Let h = -7581 - -7583. Let l(y) = 3*y**2 - y - 5. Calculate l(h).
5
Let m = -370 - -378. Suppose m*h + 0*h - 8 = 0. Let f(w) = 2*w**3 + 2*w**2 - w. What is f(h)?
3
Let f(c) = -c**3 + 4*c**2 + 2*c + 2. Let j = -8589 - -8589. Calculate f(j).
2
Let v(l) = l**2 + l. Let f(k) = -k - 1. Let w(g) = 6*f(g) + v(g). Let p be 80/14 - 30/(-105). Let d be ((-5)/p)/((-4)/24). Determine w(d).
-6
Let w(m) = -2*m**2 + 4*m - 1. Let d(q) = -2*q**2 - 3*q + 1. Let k(x) = 4*d(x) + 3*w(x). Let r = 5 - 6. Let o be 0 + 0 + r + 2. Determine k(o).
-13
Let l(b) = b**3 - 5*b**2 - 4*b + 1. Let w(p) = -2*p**3 + 5*p**2 + 10. Let o be w(0). Let t(g) = -21*g + 215. Let n be t(o). Determine l(n).
-19
Let r(p) = -p**3 + 7*p**2 - 2*p + 10. Suppose 14*l - 17*l + 9 = 0. Let w be ((-9)/(-6))/(9/240). Let t be 3 + w/(-15) + 20/l. What is r(t)?
-4
Suppose 10 = b - 6*b + 2*v, 4*b + 4*v - 20 = 0. Let k(o) = o**3 - o**2. Let z be k(b). Let r(c) = -9*c - 5 + 4*c**2 - 4*c**2 - c**2 + z*c. What is r(-6)?
13
Suppose 145 = 3*y + 142. Let t(c) = 8*c**3 - c**2 - 5*c + 5. Determine t(y).
7
Let a(t) = t**2 + 11*t - 12. Suppose -4 = -5*x + 4*d, -2*x = -5*d + 2 - 7. Suppose -h - 5*r + 11 = 3, x = 4*h - 4*r + 64. Calculate a(h).
0
Let i = 71 + -71. Suppose i = 3*b + 9, -4*l + 3 = 5*b + 2. Let h(t) = -2*t**2 + t**3 + t**2 - 8*t + 9 + l*t**2 + 3*t**2. What is h(-7)?
16
Let u = -12 + 20. Let p(b) = -2*b**2 - 74*b + 1. Let m(s) = 9*s**2 + 382*s - 15. Let w(z) = -m(z) - 5*p(z). Calculate w(u).
-22
Let s(q) = -162302871 + 162302871 + q**2. Let p = -8 + 5. Give s(p).
9
Let y(u) = 22*u**3 + 37*u**2 - 34*u + 85. Let j(i) = 7*i**3 + 13*i**2 - 12*i + 30. Let g(r) = -17*j(r) + 6*y(r). What is g(1)?
14
Let h(f) be the second derivative of 0 + 16*f + 0*f**3 - f**2 + 1/12*f**4. Calculate h(2).
2
Let z(u) = -u**3 - 11*u**2 - 10*u - 13. Let r be (-15912)/1599 - 10/205. Calculate z(r).
-13
Let c(g) = -g**3 - 5*g**2 + 7*g + 1. Let x(r) = -r**2 + 10*r - 16. Let f be x(3). Suppose -2*t + j - 19 + 6 = 0, -4*t = -f*j + 29. Determine c(t).
-5
Let z(b) be the second derivative of -b**5/20 + b**4/12 - b**2/2 - 2676*b. Give z(-2).
11
Suppose -24 = u + 2*u. Let c(s) be the second derivative of -s**4/12 - 5*s**3/6 + 8*s**2 + 245*s. Calculate c(u).
-8
Let t(f) = f**3 - f**2 - 3*f + 41. Let u(p) = p**3 - 48 - 4*p + 4*p**3 + 251 - 6*p**2 - 12*p. Let a(c) = 11*t(c) - 2*u(c). Give a(0).
45
Suppose 4724*v - 4733*v + 72 = 0. Let a(x) = -2*x - 22. What is a(v)?
-38
Let s(q) = q - 13. Let o be s(23). Let x(n) = o*n + 166*n**2 + 161*n**2 - 326*n**2. What is x(-9)?
-9
Let f(t) = -15 - t**2 + 12*t + 4*t**2 - 4*t**2. Let l = -449 - -1655. Let g = l + -1196. Calculate f(g).
5
Suppose 0 = -p + 3*h + 88, 4*p + 3*h - 370 + 63 = 0. Suppose 91 = 3*c - 2*r, r = 1 - 6. Suppose c = -p*a + 82*a. Let l(i) = -i**2 + 9*i - 3. Calculate l(a).
-3
Let s(o) = -7*o**2 - 9*o + 11. Let l(d) = -d**2 - d - 1. Let f(t) = -7*t**2 - 9*t + 2. Let k(g) = f(g) - 4*l(g). Let p(j) = -11*k(j) + 6*s(j). What is p(-1)?
-10
Let u(a) = a**2 - 9*a - 1. Let w be 13/((-728)/(-3928)) + 1/(-7). Suppose -w*m = -65*m - 50. Give u(m).
9
Let g(z) = 7 + 6 - 730*z**2 + 732*z**2 - 16*z. Let r(q) = -q**2 + q + 1. Let i(a) = -g(a) - 3*r(a). Give i(-14).
-2
Let l(q) = -41528*q - 37 + 41535*q - 35. Calculate l(10).
-2
Suppose -12*o - 80 = -4*o - 256. Let y(g) = -g**2 + 23*g - 16. What is y(o)?
6
Let a(p) = -13*p - 62. Let h = 2892 + -2898. Calculate a(h).
16
Suppose -3365 = -26*l - 3391. Let j(g) = -7*g**2 - 2*g - 2. Determine j(l).
-7
Suppose 0 = 5*t + 52 - 17. Let x = 12 + -8. Let c = t + x. Let b(d) = -d**2 - 3*d - 1. Calculate b(c).
-1
Let n = -4 + 7. Let h be (-12 - -16)/((-16)/4). Let v = n + h. Let f(a) = -2*a**2 + a + 1. Calculate f(v).
-5
Let s be 2/(6/5)*3. Let c(x) = -3 - x + s + 5. Let v = 417 + -407. Give c(v).
-3
Let l(u) = 28*u - 292. Let n be l(23). Suppose -23*k - n = 21*k. Let p(z) = -z**2 - 9*z - 1. Determine p(k).
7
Let d(l) = 5*l - 2. Let q(r) = 25*r - 9. Let n(g) = -11*d(g) + 2*q(g). Let w be 2/6 - 18/54. Let v be -2 - -5 - (1 - w)*0. Give n(v).
-11
Let p(n) = 884*n + 8. Let k be p(0). Let r(a) = -a**2 + 2*a + 49. Determine r(k).
1
Let b be 18/(-63) - 814/(-7). Let y = 116 - b. Let u(r) be the second derivative of -r**3/6 - 15*r**2/2 - 3*r. Give u(y).
-15
Let p(k) be the first derivative of k**4/2 + k**2/2 + 6. Let c be p(-1). Let l(n) = 2*n**2 + 3*n. Let r(i) = -i**2 - 1. Let m(o) = l(o) + r(o). Give m(c).
-1
Let x(l) = -8*l**3 - l**2 + 1. Let g(u) = -8*u - 14. Let z be g(-2). Suppose -2*w - 3*m + 5 = 7, -1 = w - z*m. Determine x(w).
8
Let i(f) = 3*f + 2447 - 2*f + 3*f - 2454. Determine i(-5).
-27
Let r(m) be the first derivative of -11*m**2/2 - 2*m + 343. Let d(x) = x**2 + 16*x - 15. Let f be d(-17). Calculate r(f).
-24
Let t(y) be the first derivative of -3*y**2 + 85. Let l = -369 - -364. Determine t(l).
30
Suppose 12 = 2*p + h - 26, -3*p + 2*h + 64 = 0. Let x(u) = -2*u + 14 - 10 + p. Let s be x(9). Let q(v) = v**2 - 8*v + 9. Calculate q(s).
-3
Let x(z) = -6*z**3 + 2*z**2 - 4. Suppose -10*p + 11 = -14 + 5. Give x(p).
-44
Let p(r) be the third derivative of -7*r**4/24 + 8*r**3/3 - r**2 - 1626. What is p(3)?
-5
Let m(p) = -2*p**2 - 28*p + 6. Let k(u) = 6*u**2 + 59*u - 14. Let v(d) = -3*k(d) - 7*m(d). Calculate v(4).
12
Suppose 5*r = 2*s - 74, -r + 40 = -4*r - s. Let w(t) = -9*t**2 + 34*t + 71. Let l(o) = 38*o**2 - 140*o - 297. Let m(k) = -5*l(k) - 21*w(k). Give m(r).
-6
Let c(k) = k**2 - 9*k + 1. Suppose -4*r = 4*z + 8, r - 18 + 26 = -2*z. Calculate c(r).
-19
Let w = -2972 + 2980. Let d(i) = -i**2 + 11*i + 13. What is d(w)?
37
Suppose -x + 2*x - 15 = 5*w, 3*x = 15. Let h(r) be the third derivative of r**4/4 + 8*r**3/3 + 7508*r**2. What is h(w)?
4
Let s(k) = -2*k**2 + 4*k - 3. Let y(h) = -19*h + 114. Let f be y(11). Let x = -92 - f. Calculate s(x).
-9
Let z(j) = -j**3 + 13*j**2 - 13*j + 16. Let t(u) = 5*u - 18. Let a be t(6). Let r be z(a). Let c(m) = m + 1. Calculate c(r).
5
Let p(k) = -k**2 - 13*k - 14. Let u = 187 - 79. Let t = -120 + u. Give p(t).
-2
Let j(z) = z**2 + 9*z + 10. Suppose 5*t = -2*y + 2, 7*t + 20 = 11*t - 3*y. Suppose -5*r = 2 + 3, -4*r - 13 = w. Let m = t + w. Determine j(m).
-4
Let n be (-82)/(-123)*(1 + 2). Suppose w + i - 3 = 0, -5*i = -3*w + 9 - 0. Let h(u) = w*u - u - 9*u + 4 + u**n. Calculate h(7).
4
Let z(s) = 5*s**2 - 4*s - 22. Let k = -27741 - -27737. What is z(k)?
74
Suppose 48*l - 5*l = -76*l + 357. Let r(a) = -a**3 + a**2 + 5*a + 3. Give r(l).
0
Let w(z) = 4*z**2 + 42*z + 5. Let i(p) = -9*p**2 - 97*p - 11. Let y(o) = -2*i(o) - 5*w(o). Give y(-7).
11
Let k(m) = -m**2 + 3*m - 1. Let r(n) = -n**3 + 2*n**2 - 4*n - 14. Let u be r(-2). Suppose -19 = -2*l - 11, v + 2*l = u. Determine k(v).
1
Let g(q) be the second derivative of -7*q**4/12 - 13*q**3/3 + 19*q**2/2 + 2*q + 2912. Determine g(-4).
11
Let o be 40/(-880)*-418 - (-1 - -3). Let t(n) = n**3 - 14*n**2 - 45*n - 94. Give t(o).
8
Let a(q) = -6*q**2 - q. Let u(s) = -29*s**2 - 9*s + 1. Let c be ((-204)/(-306))/((-4)/3 + 2). Let z(o) = c*u(o) - 5*a(o). Give z(2).
-3
Let i(b) be the third derivative of b**3 - 1/12*b**4 - 2 - 14*b**2 + 0*b. Calculate i(7).
-8
Let j(l) = 5*l**3 - 4*l**2 + 3*l - 5. Suppose 5*b - 51 = -3*u, -u + 4*b - 7 = 3*b. Calculate j(u).
25
Let a(l) = -l + 54. Let c(s) = -168. Let p(r) = -6*a(r) - 2*c(r). Give p(7).
54
Let p(m) = 3*m + 13. Suppose 2*t + 308*l - 304*l - 40 = 0, 0 = t + 4*l - 28. Calculate p(t).
49
Let y(k) = 19364*k**3 + 31*k + 16 - 7*k**2 - 9652*k**3 - 9713*k**3. Give y(-10).
6
Let i(c) = -3*c + 1. Let g(m) = -3*m**2 + 21*m. Let y be g(7). Calculate i(y).
1
Let s(v) be the third derivative of -v**6/120 - 17*v**5/30 + 31*v**4/24 - 139*v**3/6 + 3*v**2 + 2*v + 750. What is s(-35)?
1
Suppose 13*p = -p - 23*p. Let f(j) be the second derivative of j**6/360 - j**4/12 + 7*j**3/6 - 4*j. Let q(t) be the second derivative of f(t). Give q(p).
-2
Let t(v) be the third derivative of -v**5/30 - v**4/2 + 8*v**3/3 + 5*v**2